{"id":253,"date":"2023-10-22T21:51:20","date_gmt":"2023-10-22T19:51:20","guid":{"rendered":"https:\/\/beratung.realschule-hoechstadt.de\/?page_id=253"},"modified":"2023-11-09T11:59:31","modified_gmt":"2023-11-09T09:59:31","slug":"beratungslehrkraft","status":"publish","type":"page","link":"https:\/\/beratung.realschule-hoechstadt.de\/?page_id=253","title":{"rendered":"Beratungslehrkraft"},"content":{"rendered":"<h3 class=\"the_headline\">Angebot<\/h3>\n<p>Unsere <span class=\"show_emph\">Beratungslehrkraft Frau V&auml;th<\/span> ber\u00e4t Eltern, Sch\u00fclerinnen und Sch\u00fcler <\/p>\n<ul>\n<li>bei Fragen der Schullaufbahn (zum Beispiel Wechsel vom\/ans Gymnasium, an die Mittelschule oder die Wirtschaftsschule),<\/li>\n<li>bei der Studien- und Berufswahlorientierung,<\/li>\n<li>bei Fragen zu Begabungen,<\/li>\n<li>zum guten Ankommen an die Realschule,<\/li>\n<li>bei Lern- und Leistungsschwierigkeiten,<\/li>\n<li>bei Verhaltensproblemen,<\/li>\n<li>durch die Zusammenarbeit mit unserer Schulpsychologin,<\/li>\n<li>bei der Suche nach au\u00dferschulischer Unterst\u00fctzung.<\/li>\n<\/ul>\n<p>&nbsp;<\/p>\n<h3 class=\"the_headline\">Kontakt<\/h3>\n<ul>\n<li>Telefon: \u00fcber das Sekretariat<\/li>\n<li>Email: <span class=\"mailtolink\"><a class=\"mailtolink\" href=\"&#109;a&#x69;l&#x74;&#111;&#x3a;&#98;&#x65;&#114;a&#x74;u&#x6e;&#103;&#x40;&#114;&#x65;&#97;&#x6c;&#115;c&#x68;u&#x6c;&#101;&#x2d;&#104;&#x6f;&#101;c&#x68;s&#x74;&#97;&#x64;&#116;&#x2e;&#100;&#x65;\">&#98;&#x65;&#114;&#x61;t&#117;&#x6e;&#103;&#x40;r&#x65;a&#108;&#x73;&#99;&#x68;u&#x6c;&#x65;&#45;&#x68;o&#x65;c&#104;&#x73;&#116;&#x61;d&#x74;&#46;&#100;&#x65;<\/a><\/span><\/li>\n<li>Sprechstunde (siehe Sprechstundenplan)<\/li>\n<li>Termine nach Vereinbarung<\/li>\n<\/ul>\n<p>&nbsp;<\/p>\n<h3 class=\"show_emph\"><a href=\"https:\/\/beratung.realschule-hoechstadt.de\/wp-content\/uploads\/2023\/11\/Schulberatung.Vorstellung.2015-01-12.pdf\" target=\"_blank\" rel=\"noopener noreferrer\">&gt;&gt; weitere Informationen unserer Beratungslehrkraft (PDF)<\/a><\/h3>\n<h3 class=\"show_emph\"><a href=\"https:\/\/beratung.realschule-hoechstadt.de\/wp-content\/uploads\/2023\/11\/Beratungsangebote-bei-Depression.2020-03-12.pdf\" target=\"_blank\" rel=\"noopener noreferrer\">&gt;&gt; Hilfsangebote bei Depressionen und Angstst&ouml;rungen (PDF)<\/a><\/h3>\n<p>&nbsp;<\/p>\n","protected":false},"excerpt":{"rendered":"<p>Angebot Unsere Beratungslehrkraft Frau V&auml;th ber\u00e4t Eltern, Sch\u00fclerinnen und Sch\u00fcler bei Fragen der Schullaufbahn (zum Beispiel Wechsel vom\/ans Gymnasium, an die Mittelschule oder die Wirtschaftsschule), bei der Studien- und Berufswahlorientierung, bei Fragen zu Begabungen, zum guten Ankommen an die Realschule, bei Lern- und Leistungsschwierigkeiten, bei Verhaltensproblemen, durch die Zusammenarbeit mit unserer Schulpsychologin, bei der Suche [&hellip;]<\/p>\n","protected":false},"author":1,"featured_media":0,"parent":0,"menu_order":0,"comment_status":"closed","ping_status":"closed","template":"","meta":{"footnotes":""},"class_list":["post-253","page","type-page","status-publish","hentry"],"_links":{"self":[{"href":"https:\/\/beratung.realschule-hoechstadt.de\/index.php?rest_route=\/wp\/v2\/pages\/253","targetHints":{"allow":["GET"]}}],"collection":[{"href":"https:\/\/beratung.realschule-hoechstadt.de\/index.php?rest_route=\/wp\/v2\/pages"}],"about":[{"href":"https:\/\/beratung.realschule-hoechstadt.de\/index.php?rest_route=\/wp\/v2\/types\/page"}],"author":[{"embeddable":true,"href":"https:\/\/beratung.realschule-hoechstadt.de\/index.php?rest_route=\/wp\/v2\/users\/1"}],"replies":[{"embeddable":true,"href":"https:\/\/beratung.realschule-hoechstadt.de\/index.php?rest_route=%2Fwp%2Fv2%2Fcomments&post=253"}],"version-history":[{"count":15,"href":"https:\/\/beratung.realschule-hoechstadt.de\/index.php?rest_route=\/wp\/v2\/pages\/253\/revisions"}],"predecessor-version":[{"id":659,"href":"https:\/\/beratung.realschule-hoechstadt.de\/index.php?rest_route=\/wp\/v2\/pages\/253\/revisions\/659"}],"wp:attachment":[{"href":"https:\/\/beratung.realschule-hoechstadt.de\/index.php?rest_route=%2Fwp%2Fv2%2Fmedia&parent=253"}],"curies":[{"name":"wp","href":"https:\/\/api.w.org\/{rel}","templated":true}]}}