{"id":255,"date":"2023-10-22T21:51:51","date_gmt":"2023-10-22T19:51:51","guid":{"rendered":"https:\/\/beratung.realschule-hoechstadt.de\/?page_id=255"},"modified":"2023-11-06T20:31:53","modified_gmt":"2023-11-06T18:31:53","slug":"jugendsozialarbeit","status":"publish","type":"page","link":"https:\/\/beratung.realschule-hoechstadt.de\/?page_id=255","title":{"rendered":"Jugendsozialarbeit"},"content":{"rendered":"<p><img loading=\"lazy\" decoding=\"async\" src=\"https:\/\/beratung.realschule-hoechstadt.de\/wp-content\/uploads\/2023\/02\/Logo.JaS_.jpg\" alt=\"Jugendsozialarbeit an Schulen\" width=\"180\" height=\"120\" class=\"alignright size-full wp-image-143\" \/><\/p>\n<h3 class=\"the_headline\">Angebot<\/h3>\n<ul>\n<li>Beratung bei Fragen zur Erziehung<\/li>\n<li>Vermittlung passender Beratungsangebote<\/li>\n<li>Beratung bei speziellen Problemen an der Schule<\/li>\n<li>au\u00dferschulische Ansprechpartner f\u00fcr Kinder an der Schule<\/li>\n<\/ul>\n<p>&nbsp;<\/p>\n<h3 class=\"the_headline\">Frau Lorz<\/h3>\n<ul>\n<li>Zimmer A 1.10<\/li>\n<li>Telefon: &#x30;9&#x31;&#57;&#x33;&#32;&#x2f;&#x20;5&#x30;&#32;&#x38;&#49;&#x20;&#57;1&#x38;<\/li>\n<li>Email: <span class=\"mailtolink\"><a class=\"mailtolink\" href=\"&#109;&#x61;&#105;&#x6c;&#116;&#x6f;&#58;&#x6a;&#97;&#x73;&#46;&#x6c;&#111;&#x72;&#122;&#x40;&#112;&#x75;&#99;&#x6b;&#101;&#x6e;&#104;&#x6f;&#102;&#x2e;d&#x65;\">&#x6a;&#97;s&#x2e;&#x6c;&#111;r&#x7a;&#x40;&#112;u&#x63;&#x6b;&#101;n&#x68;&#x6f;&#102;&#46;&#x64;&#101;<\/a><\/span><\/li>\n<li>B&uuml;rozeiten:<br \/>Mo &ndash; Do 8 &ndash; 15:30 Uhr<br \/>Fr 8 &ndash; 14 Uhr<\/li>\n<li>Termine nach Vereinbarung<\/li>\n<\/ul>\n<p>&nbsp;<\/p>\n<h3 class=\"the_headline\">Frau Raum<\/h3>\n<ul>\n<li>Zimmer A 1.15<\/li>\n<li>Telefon: &#x30;9&#x31;&#57;&#x33;&#32;\/&#x20;5&#x30;&#32;&#x38;&#49; &#x39;&#49;&#x37;<\/li>\n<li>Email: <span class=\"mailtolink\"><a class=\"mailtolink\" href=\"&#109;a&#x69;l&#x74;o&#x3a;h&#x61;&#110;&#x6e;&#97;&#x68;&#46;&#x72;&#97;u&#109;&#64;&#x70;u&#x63;k&#x65;&#110;&#x68;&#111;&#x66;&#46;&#x64;&#101;\">&#x68;a&#x6e;n&#x61;&#104;&#x2e;&#114;a&#x75;m&#x40;&#112;&#x75;&#99;&#x6b;&#101;n&#x68;o&#x66;&#46;&#x64;&#101;<\/a><\/span><\/li>\n<li>B&uuml;rozeiten:<br \/>Mo 8:15 &ndash; 15:30 Uhr<br \/>Di \/ Mi \/ Do 8:15 &ndash; 13 Uhr<\/li>\n<li>Termine nach Vereinbarung<\/li>\n<\/ul>\n<p>&nbsp;<\/p>\n<h3 class=\"the_headline\">Beschreibung<\/h3>\n<p>Jugendsozialarbeit an Schulen bildet die Schnittstelle zwischen Schule und Jugendhilfe. Sie unterst\u00fctzt Sch\u00fclerinnen und Sch\u00fcler fr\u00fchzeitig bei schulischen, pers\u00f6nlichen und famili\u00e4ren Problemen. Durch pr\u00e4ventive Angebote st\u00e4rkt und f\u00f6rdert sie Kinder und Jugendliche. Die Jugendsozialarbeit richtet sich an Sch\u00fclerinnen und Sch\u00fcler, an Eltern, Erziehende und Lehrkr\u00e4fte. Jugendsozialarbeit ist Bestandteil der Lern- und Lebenswelt Schule und bietet so unkomplizierte und direkte Hilfe.<\/p>\n<p>&nbsp;<\/p>\n<h3 class=\"the_headline\">Aufgaben von JaS<\/h3>\n<p><span class=\"show_emph\">Beratung<\/span><br \/>\nin sozialen, famili\u00e4ren und schulischen Konfliktsituationen<\/p>\n<p><span class=\"show_emph\">Unterst&uuml;tzung<\/span><br \/>\nbei Lernschwierigkeiten, bei Verhaltensauff\u00e4lligkeiten, bei Konflikten und bei der beruflichen Orientierung<\/p>\n<p><span class=\"show_emph\">Vermittlung und Begleitung<\/span><br \/>\nzu anderen Einrichtungen und Institutionen<\/p>\n<p><span class=\"show_emph\">Zusammenarbeit<\/span><br \/>\nmit Sch\u00fclerinnen und Sch\u00fclern, Eltern, Lehrkr\u00e4ften und allen an der Erziehung Beteiligten<\/p>\n<p><span class=\"show_emph\">Pr&auml;vention<\/span><br \/>\ndurch Arbeit mit Gruppen, Klassen und Einzelnen, durch offene Angebote und Krisenintervention<\/p>\n<p><span class=\"show_emph\">Koperation<\/span><br \/>\ninnerhalb und au\u00dferhalb der Schule<\/p>\n<p><span class=\"show_emph\">Mitwirken<\/span><br \/>\nam Schulleben und an der Schulentwicklung<\/p>\n<p>&nbsp;<\/p>\n<p><img loading=\"lazy\" decoding=\"async\" src=\"https:\/\/beratung.realschule-hoechstadt.de\/wp-content\/uploads\/2023\/11\/Logo.Puckenhof-150x150-1.jpg\" alt=\"Logo Puckenhof\" width=\"150\" height=\"150\" class=\"alignnone size-full wp-image-374\" \/><\/p>\n<p>&nbsp;<\/p>\n","protected":false},"excerpt":{"rendered":"<p>Angebot Beratung bei Fragen zur Erziehung Vermittlung passender Beratungsangebote Beratung bei speziellen Problemen an der Schule au\u00dferschulische Ansprechpartner f\u00fcr Kinder an der Schule &nbsp; Frau Lorz Zimmer A 1.10 Telefon: Email: &#x6a;a&#x73;&#46;&#x6c;&#111;&#x72;&#122;&#64;&#x70;u&#x63;&#107;&#x65;&#110;&#x68;&#111;f&#x2e;d&#x65; B&uuml;rozeiten:Mo &ndash; Do 8 &ndash; 15:30 UhrFr 8 &ndash; 14 Uhr Termine nach Vereinbarung &nbsp; Frau Raum Zimmer A 1.15 Telefon: Email: &#x68;&#97;&#x6e;&#110;a&#x68;&#46;r&#x61;&#117;&#x6d;&#x40;p&#x75;&#99;k&#x65;&#110;&#x68;&#x6f;f&#x2e;&#100;e [&hellip;]<\/p>\n","protected":false},"author":1,"featured_media":0,"parent":0,"menu_order":0,"comment_status":"closed","ping_status":"closed","template":"","meta":{"footnotes":""},"class_list":["post-255","page","type-page","status-publish","hentry"],"_links":{"self":[{"href":"https:\/\/beratung.realschule-hoechstadt.de\/index.php?rest_route=\/wp\/v2\/pages\/255","targetHints":{"allow":["GET"]}}],"collection":[{"href":"https:\/\/beratung.realschule-hoechstadt.de\/index.php?rest_route=\/wp\/v2\/pages"}],"about":[{"href":"https:\/\/beratung.realschule-hoechstadt.de\/index.php?rest_route=\/wp\/v2\/types\/page"}],"author":[{"embeddable":true,"href":"https:\/\/beratung.realschule-hoechstadt.de\/index.php?rest_route=\/wp\/v2\/users\/1"}],"replies":[{"embeddable":true,"href":"https:\/\/beratung.realschule-hoechstadt.de\/index.php?rest_route=%2Fwp%2Fv2%2Fcomments&post=255"}],"version-history":[{"count":16,"href":"https:\/\/beratung.realschule-hoechstadt.de\/index.php?rest_route=\/wp\/v2\/pages\/255\/revisions"}],"predecessor-version":[{"id":586,"href":"https:\/\/beratung.realschule-hoechstadt.de\/index.php?rest_route=\/wp\/v2\/pages\/255\/revisions\/586"}],"wp:attachment":[{"href":"https:\/\/beratung.realschule-hoechstadt.de\/index.php?rest_route=%2Fwp%2Fv2%2Fmedia&parent=255"}],"curies":[{"name":"wp","href":"https:\/\/api.w.org\/{rel}","templated":true}]}}